{"id":103,"date":"2015-10-11T21:09:13","date_gmt":"2015-10-11T19:09:13","guid":{"rendered":"https:\/\/obtainabledaughter.s2-tastewp.com\/?page_id=103"},"modified":"2024-10-14T22:51:24","modified_gmt":"2024-10-14T20:51:24","slug":"anmeldung","status":"publish","type":"page","link":"https:\/\/krabbelmonster-bamberg.de\/?page_id=103","title":{"rendered":"Anmeldung"},"content":{"rendered":"<ul>\n<li>Eine Aufnahme bei den Krabbelmonstern ist ab dem Kindesalter von zw\u00f6lf Monaten m\u00f6glich.<\/li>\n<li>F\u00fcr die Aufnahme und die Betreuung bei den Krabbelmonstern muss mindestens ein Elternteil an der Universit\u00e4t Bamberg oder der Universit\u00e4t W\u00fcrzburg immatrikuliert sein.<\/li>\n<li>W\u00e4hrend des Betreuungsverh\u00e4ltnisses muss zweimal im Monat Elterndienst geleistet werden, der einerseits das Einkaufen der Lebensmittel, die frische Zubereitung des Obstfr\u00fchst\u00fccks und des Mittagessens sowie die Reinigung der K\u00fcche und andererseits die Betreuung und Versorgung der Krabbelmonster-Kinder umfasst.<\/li>\n<li>Eine unverbindliche Anmeldung auf unseren Wartelisten, ist ab Geburt des Kindes m\u00f6glich.<\/li>\n<li>Bei Interesse an einem Krippenplatz in einer unserer Einrichtungen, senden Sie uns &nbsp;bitte eine <strong>unverbindliche Anfrage<\/strong> in Form des PDF-Formulars, ausgef\u00fcllt und unterschrieben entweder als Scan per E-Mail-Anhang an die Adresse <a href=\"mailto:warteliste@krabbelmonster-bamberg.de\">warteliste@krabbelmonster-bamberg.de<\/a> oder postalisch (Kaimsgasse 23) zu.<\/li>\n<li>Bei konkretem Interesse an einem Krippenplatz in einer unserer Einrichtungen besteht die Notwendigkeit, dass Sie sich jeweils <strong>zu Semesterbeginn r\u00fcckmelden <\/strong>und das Interesse an dem Krippenplatz best\u00e4tigen &#8211; andernfalls gehen wir davon aus, dass kein Interesse mehr an dem Betreuungsplatz besteht und k\u00f6nnen Sie nicht weiter ber\u00fccksichtigen.<\/li>\n<li>Leider ist es nicht m\u00f6glich,&nbsp;sich \u00fcber das st\u00e4dtische Anmeldesystem webKiTa anzumelden!<\/li>\n<\/ul>\n<p><strong>Hier finden Sie das Formular zur unverbindlichen Anmeldung.&nbsp;<\/strong><\/p>\n\n\n<div data-wp-interactive=\"core\/file\" class=\"wp-block-file\"><object data-wp-bind--hidden=\"!state.hasPdfPreview\"  class=\"wp-block-file__embed\" data=\"https:\/\/krabbelmonster-bamberg.de\/wp-content\/uploads\/2024\/10\/Krabbelmonster_Warteliste.pdf\" type=\"application\/pdf\" style=\"width:100%;height:600px\" aria-label=\"Einbettung von Krabbelmonster_Warteliste.\"><\/object><a id=\"wp-block-file--media-8d796a05-4fbc-4e3f-b6f5-f312d7e33d3c\" href=\"https:\/\/krabbelmonster-bamberg.de\/wp-content\/uploads\/2024\/10\/Krabbelmonster_Warteliste.pdf\">Krabbelmonster_Warteliste<\/a><a href=\"https:\/\/krabbelmonster-bamberg.de\/wp-content\/uploads\/2024\/10\/Krabbelmonster_Warteliste.pdf\" class=\"wp-block-file__button wp-element-button\" download aria-describedby=\"wp-block-file--media-8d796a05-4fbc-4e3f-b6f5-f312d7e33d3c\">Anmeldeformular herunterladen<\/a><\/div>\n\n\n\n<p><strong>Vielen Dank!<\/strong><\/p>\n","protected":false},"excerpt":{"rendered":"<p>Eine Aufnahme bei den Krabbelmonstern ist ab dem Kindesalter von zw\u00f6lf Monaten m\u00f6glich. F\u00fcr die Aufnahme und die Betreuung bei den Krabbelmonstern muss mindestens ein Elternteil an der Universit\u00e4t Bamberg oder der Universit\u00e4t W\u00fcrzburg immatrikuliert sein. W\u00e4hrend des Betreuungsverh\u00e4ltnisses muss zweimal im Monat Elterndienst geleistet werden, der einerseits das Einkaufen der Lebensmittel, die frische Zubereitung &hellip; <a href=\"https:\/\/krabbelmonster-bamberg.de\/?page_id=103\" class=\"more-link\"><span class=\"screen-reader-text\">Anmeldung<\/span> weiterlesen <span class=\"meta-nav\">&rarr;<\/span><\/a><\/p>\n","protected":false},"author":1,"featured_media":0,"parent":0,"menu_order":6,"comment_status":"closed","ping_status":"closed","template":"","meta":{"ngg_post_thumbnail":0,"footnotes":""},"_links":{"self":[{"href":"https:\/\/krabbelmonster-bamberg.de\/index.php?rest_route=\/wp\/v2\/pages\/103"}],"collection":[{"href":"https:\/\/krabbelmonster-bamberg.de\/index.php?rest_route=\/wp\/v2\/pages"}],"about":[{"href":"https:\/\/krabbelmonster-bamberg.de\/index.php?rest_route=\/wp\/v2\/types\/page"}],"author":[{"embeddable":true,"href":"https:\/\/krabbelmonster-bamberg.de\/index.php?rest_route=\/wp\/v2\/users\/1"}],"replies":[{"embeddable":true,"href":"https:\/\/krabbelmonster-bamberg.de\/index.php?rest_route=%2Fwp%2Fv2%2Fcomments&post=103"}],"version-history":[{"count":34,"href":"https:\/\/krabbelmonster-bamberg.de\/index.php?rest_route=\/wp\/v2\/pages\/103\/revisions"}],"predecessor-version":[{"id":723,"href":"https:\/\/krabbelmonster-bamberg.de\/index.php?rest_route=\/wp\/v2\/pages\/103\/revisions\/723"}],"wp:attachment":[{"href":"https:\/\/krabbelmonster-bamberg.de\/index.php?rest_route=%2Fwp%2Fv2%2Fmedia&parent=103"}],"curies":[{"name":"wp","href":"https:\/\/api.w.org\/{rel}","templated":true}]}}